{"id":32,"date":"2016-10-18T13:46:38","date_gmt":"2016-10-18T11:46:38","guid":{"rendered":"http:\/\/www.consorziodeipartecipantisgpersiceto.it\/?page_id=32"},"modified":"2016-10-19T14:43:17","modified_gmt":"2016-10-19T12:43:17","slug":"le-enfiteusi","status":"publish","type":"page","link":"https:\/\/www.consorziodeipartecipantisgpersiceto.it\/?page_id=32","title":{"rendered":"Le enfiteusi"},"content":{"rendered":"<div class=\"pdfprnt-buttons pdfprnt-buttons-page pdfprnt-top-right\"><a href=\"https:\/\/www.consorziodeipartecipantisgpersiceto.it\/index.php?rest_route=%2Fwp%2Fv2%2Fpages%2F32&print=pdf\" class=\"pdfprnt-button pdfprnt-button-pdf\" target=\"_blank\" ><img decoding=\"async\" src=\"http:\/\/www.consorziodeipartecipantisgpersiceto.it\/wp-content\/plugins\/pdf-print\/images\/pdf.png\" alt=\"image_pdf\" title=\"Visualizza PDF\" \/><\/a><a href=\"https:\/\/www.consorziodeipartecipantisgpersiceto.it\/index.php?rest_route=%2Fwp%2Fv2%2Fpages%2F32&print=print\" class=\"pdfprnt-button pdfprnt-button-print\" target=\"_blank\" ><img decoding=\"async\" src=\"http:\/\/www.consorziodeipartecipantisgpersiceto.it\/wp-content\/plugins\/pdf-print\/images\/print.png\" alt=\"image_print\" title=\"Stampa contenuto\" \/><\/a><\/div><p>Dunque le famiglie originarie, quelle che avevano attuato le bonifiche, si chiusero allorch\u00e9 in tanti cominciarono a sopraggiungere nel territorio persicetano per dividere quelle terre gi\u00e0 dissodate. Gi\u00e0 sul finire del 1400 ed inizio del 1500 si cominci\u00f2 a lavorare sulla stesura dei \u201dCapitoli\u201d per disciplinare il godimento dei beni riservato alle famiglie \u201coriginarie\u201d prima d\u2019allora lasciato alle consuetudini, capitoli codificati per la prima volta nel 1570 con l\u2019imprimatur del governo bolognese.<\/p>\n<p>In effetti le Partecipanze non erano \u201cUsi Civici\u201d nel senso che i loro terreni non erano allo stato naturale, in essi non si attuavano diritti di \u201cpascolatico\u201d, \u201cghiandatico\u201d, \u201clegnatico\u201d o altri, ma al contrario erano stati resi coltivi grazie allo sforzo comune delle famiglie originarie.<br \/>\nTali convinzioni, portarono poi alla divisione fra Comune e Partecipanza avvenuta nel 1833.<\/p>\n<p>Dire con precisione quando nacquero i fenomeni che diedero origine alla Partecipanza di San Giovanni in Persiceto, non \u00e8 possibile se non con ipotesi che traggono ispirazione dalle consuetudini. Si deve invece fare riferimento ai documenti dai quali si evince, che il suo sorgere \u00e8 legato a concessioni enfiteutiche rogate a partire dal XII secolo con l\u2019Abate di Nonantola ed il Vescovo di Bologna.<\/p>\n<figure id=\"attachment_34\" aria-describedby=\"caption-attachment-34\" style=\"width: 190px\" class=\"wp-caption alignright\"><img loading=\"lazy\" decoding=\"async\" class=\"size-medium wp-image-34\" src=\"http:\/\/www.consorziodeipartecipantisgpersiceto.it\/wp-content\/uploads\/2016\/10\/Le-enfiteusi-1-190x300.jpg\" alt=\"14 Settembre 1470 (Pergamena). Enfiteusi del Vescovo di Bologna Giovanni Di Sarzana) \" width=\"190\" height=\"300\" srcset=\"https:\/\/www.consorziodeipartecipantisgpersiceto.it\/wp-content\/uploads\/2016\/10\/Le-enfiteusi-1-190x300.jpg 190w, https:\/\/www.consorziodeipartecipantisgpersiceto.it\/wp-content\/uploads\/2016\/10\/Le-enfiteusi-1.jpg 487w\" sizes=\"auto, (max-width: 190px) 100vw, 190px\" \/><figcaption id=\"caption-attachment-34\" class=\"wp-caption-text\">14 Settembre 1470 (Pergamena).<br \/>Enfiteusi del Vescovo di Bologna Giovanni Di Sarzana)<\/figcaption><\/figure>\n<p>Nell\u2019archivio del Comune di San Giovanni in Persiceto \u00e8 conservata una copia di concessione enfiteutica del 1170 rogata con il vescovo di Bologna e rinnovabile ogni 100 anni e pergamena del 1215 di enfiteusi rogata con l\u2019Abbazia di Nonantola.<br \/>\nNel nostro archivio la prima concessione enfiteutica conservata in originale risale al 1470, ed \u00e8 una rinnovazione della suddetta enfiteusi del 1170.<\/p>\n<p>Il dato pi\u00f9 interessante che ci fornisce l\u2019archivio del Consorzio \u00e8 per\u00f2 quello relativo al perdurare di queste concessioni enfiteutiche attraverso i secoli, fino alla seconda met\u00e0 dell\u2019800, fino a quando cio\u00e8, tra il 1865 e il 1869, il Consorzio non affranc\u00f2 definitivamente i suoi terreni.<\/p>\n<p>Questo perdurante legame tra concedente ed enfiteuta, che non viene mai meno e non muta nell\u2019arco di cinque secoli, testimoniato in archivio da ben trentuno atti di rinnovazione enfiteutica, l\u2019ultimo dei quali \u00e8 addirittura del 1862, pone un interessante interrogativo agli storici, poich\u00e9 generalmente il legame tra enfiteuta e concedente si \u00e8 sempre risolto in propriet\u00e0 privata nel volgere di qualche generazione.<\/p>\n<p>Il perdurare del rapporto enfiteutico \u00e8 testimoniato nel nostro archivio anche da un registro in cui sono annotati tutti i censi versati dalla Partecipanza all\u2019Abate nonantolano ed al Vescovo bolognese. Particolarit\u00e0 di estremo interesse di questo registro \u00e8 che la prima registrazione risale al 1478, l\u2019ultima al 1822. Un registro dunque che \u00e8 stato utilizzato con regolarit\u00e0, per lo stesso scopo, per quasi quattro secoli!<\/p>\n<p>&nbsp;<\/p>\n<p>&nbsp;<\/p>\n","protected":false},"excerpt":{"rendered":"<p>Dunque le famiglie originarie, quelle che avevano attuato le bonifiche, si chiusero allorch\u00e9 in tanti cominciarono a sopraggiungere nel territorio persicetano per dividere quelle terre gi\u00e0 dissodate. Gi\u00e0 sul finire [&hellip;]<\/p>\n","protected":false},"author":1,"featured_media":33,"parent":0,"menu_order":0,"comment_status":"closed","ping_status":"closed","template":"page-templates\/left-sidebar.php","meta":{"jetpack_post_was_ever_published":false,"footnotes":""},"class_list":["post-32","page","type-page","status-publish","has-post-thumbnail","hentry"],"jetpack_sharing_enabled":true,"jetpack_shortlink":"https:\/\/wp.me\/P81nDY-w","jetpack-related-posts":[],"_links":{"self":[{"href":"https:\/\/www.consorziodeipartecipantisgpersiceto.it\/index.php?rest_route=\/wp\/v2\/pages\/32","targetHints":{"allow":["GET"]}}],"collection":[{"href":"https:\/\/www.consorziodeipartecipantisgpersiceto.it\/index.php?rest_route=\/wp\/v2\/pages"}],"about":[{"href":"https:\/\/www.consorziodeipartecipantisgpersiceto.it\/index.php?rest_route=\/wp\/v2\/types\/page"}],"author":[{"embeddable":true,"href":"https:\/\/www.consorziodeipartecipantisgpersiceto.it\/index.php?rest_route=\/wp\/v2\/users\/1"}],"replies":[{"embeddable":true,"href":"https:\/\/www.consorziodeipartecipantisgpersiceto.it\/index.php?rest_route=%2Fwp%2Fv2%2Fcomments&post=32"}],"version-history":[{"count":2,"href":"https:\/\/www.consorziodeipartecipantisgpersiceto.it\/index.php?rest_route=\/wp\/v2\/pages\/32\/revisions"}],"predecessor-version":[{"id":37,"href":"https:\/\/www.consorziodeipartecipantisgpersiceto.it\/index.php?rest_route=\/wp\/v2\/pages\/32\/revisions\/37"}],"wp:featuredmedia":[{"embeddable":true,"href":"https:\/\/www.consorziodeipartecipantisgpersiceto.it\/index.php?rest_route=\/wp\/v2\/media\/33"}],"wp:attachment":[{"href":"https:\/\/www.consorziodeipartecipantisgpersiceto.it\/index.php?rest_route=%2Fwp%2Fv2%2Fmedia&parent=32"}],"curies":[{"name":"wp","href":"https:\/\/api.w.org\/{rel}","templated":true}]}}